 g(r) = 13*r + 3. Suppose -3*m - 4*j + 4 = m, -2*j + 17 = 5*m. Let f be g(m). Suppose 4*b = -0*b + f. What is the highest common factor of b and 102?
17
Let x(r) = r**2 + 8*r + 4. Let s be x(-10). Let c be 3/(s/14)*4. Calculate the highest common factor of c and 49.
7
Suppose 7*s - 643 = 2717. What is the greatest common divisor of s and 75?
15
Suppose 4*k - 2300 = -812. Calculate the highest common factor of k and 3.
3
Let j be (68/6)/((-4)/(-12)). Let b = 325 + -155. What is the highest common factor of j and b?
34
Let c = -329 - -331. Calculate the greatest common factor of c and 4.
2
Let v(j) = -j**2 + 6*j + 4. Let i be v(6). Let o be 35*4*1/i. What is the greatest common factor of 5 and o?
5
Let x(r) = -r - 3. Let v be x(-7). Let d = v + -9. Let a be d*4/5*-11. Calculate the highest common factor of a and 4.
4
Suppose 4*y - 18 = 2*y + 2*v, 5*y = 3*v + 47. Let z be -5 - (1883/(-14) - (2 - 15/10)). What is the greatest common factor of z and y?
10
Let l(v) = 18*v**3 + 5*v**2 - 7*v + 3. Let r be l(1). Calculate the greatest common factor of 171 and r.
19
Let b = 700 - 585. Calculate the greatest common divisor of b and 23.
23
Let h be (-5)/2*(4 - 8). Let r(n) = 8*n - 12. Let o be r(h). Calculate the highest common factor of o and 102.
34
Let m(x) = 22*x - 61. Let d be m(4). What is the highest common factor of 216 and d?
27
Suppose 7*b = -95*b + 37536. What is the highest common divisor of 16 and b?
16
Let t(v) = -v**2 - 12*v + 9. Let g = 3 + 1. Suppose 0 = 5*h + 25, 2*h - g = 3*d - d. Let m be t(d). Calculate the highest common factor of m and 11.
11
Suppose m = 4*w - 76 + 218, -4*m + 505 = 5*w. What is the highest common factor of m and 884?
26
Let f be (-364)/(-52) + (52 - -1). Suppose 2*c - 6 = 0, 3*b = -2*c + 122 + 64. What is the highest common factor of f and b?
60
Suppose 5*f = 2*o - 57, 2*f = -2*o - 2*o + 150. What is the greatest common factor of 27 and o?
9
Let c = -1288 + 1327. What is the highest common factor of 611 and c?
13
Suppose 0 = 32*x - 130 - 1406. What is the highest common divisor of x and 3?
3
Suppose 2*z - 3*d - 35 = 0, -5*d - 5 = -6*d. Calculate the highest common factor of z and 1175.
25
Let g be -2 + 152 + 2 + -2. Suppose 4*w - 5*s = 249, -3*w = 5*s - g + 7. Let f(b) = 13*b**2 + 1. Let t be f(1). Calculate the highest common divisor of t and w.
14
Let i = -436 - -733. Calculate the highest common divisor of 1287 and i.
99
Suppose 0 = 3*j - 2309 + 569. Suppose -5*r - 4*y - y + j = 0, 0 = -3*r - 5*y + 352. Suppose p = 39 - 1. Calculate the highest common factor of p and r.
38
Let p(u) = -5*u + 177. Let d be p(33). Let l(v) = -3*v - 9. Let w be l(-7). What is the greatest common factor of d and w?
12
Suppose -1 = -4*d + 15. Let h(f) = 1 + f + 5 - d + 5. Let s be h(-4). What is the greatest common factor of s and 6?
3
Let q(s) = 2*s**2 - 31*s - 82. Let d be q(22). What is the greatest common divisor of d and 6?
6
Let y = -571 - -1021. Let c be (2/3)/(5/y). Suppose c = 4*k - 0*k. Calculate the greatest common factor of k and 10.
5
Let b(l) = -l**3 - 17*l**2 - 16*l + 16. Let p(j) = 4*j - 8. Let m be p(-2). Let f be b(m). Calculate the greatest common factor of 48 and f.
16
Let u(j) = 6*j - 36. Let i be u(28). Calculate the highest common factor of i and 220.
44
Let x = 1105 + -995. Calculate the greatest common factor of 4 and x.
2
Let d be (1/(-1))/(5/(-395)). Let t = d + 16. Suppose -3*l - 2*r - 19 = -66, -3*l + r + 62 = 0. Calculate the greatest common factor of l and t.
19
Let w(a) = 18*a**2 - 284*a + 4. Let q be w(16). What is the greatest common factor of q and 51?
17
Let x be (0/(-2))/(3 + -6 + 6). Suppose 0 = q - l - 65, x*q + 3*q = 5*l + 195. What is the greatest common divisor of 13 and q?
13
Let k(l) be the first derivative of 4 + 3*l + 5/2*l**2 + 4/3*l**3. Let m be k(-3). Calculate the highest common divisor of 12 and m.
12
Suppose -3*p + 6 = q, p = 5*q - 3*p - 11. Suppose -46 = -3*m - 4*v, q*m - 6*m - 2*v = -44. What is the greatest common factor of 28 and m?
14
Let d = 2478 + -2472. What is the highest common factor of 36 and d?
6
Let y be (4/3)/(0 - (-5)/(-45)). Let o be (-4)/(y/(-16) + -1). Calculate the greatest common divisor of 64 and o.
16
Suppose 5*v + 4*x + 1 = 8, -2*x = 2*v - 2. Suppose -v*u + 86 = 2. Let d be (-3)/1*(896/(-24))/8. What is the highest common divisor of d and u?
14
Suppose -13*d - 8*d = -7644. What is the greatest common divisor of 52 and d?
52
Let o be (11 - 9)*(-1122)/(-12). What is the highest common divisor of 34 and o?
17
Let s = 61 + -3. Let k be (-7 + 1)*((-28)/8 + 2). Let v be ((-11)/3 - (-6)/k) + 32. What is the greatest common factor of s and v?
29
Let t = 44 + -27. Suppose -4*x + t = -3. Calculate the greatest common divisor of x and 10.
5
Suppose 6*v + 2*j - 1883 + 767 = 0, 5*v - 2*j = 941. Calculate the greatest common divisor of v and 22.
11
Let j be (5 + (-12)/3)/((-2)/(-102)). Suppose q + 3*q + 3*w - 39 = 0, -4*q + j = -w. Calculate the greatest common divisor of q and 60.
12
Let u(a) = a**2 + 8*a - 47. Let f be u(-13). Suppose 7*t - 2*t - 990 = 0. What is the greatest common divisor of t and f?
18
Let n = -5 + 11. Suppose -r + n = 2*r. Suppose -5*a + 2*v + 232 = 0, 4*v - r - 14 = 0. What is the highest common divisor of a and 6?
6
Let w = -12 - -13. Let p be w - (-1 - (2 - 4)). Suppose -f + 2*d + 16 = p, 2*f + 2*d = 4*d + 34. Calculate the greatest common divisor of f and 90.
18
Suppose 0 = 199*q - 196*q - 375. What is the highest common divisor of 50 and q?
25
Let t = 106 - 22. Let i be (-270 - -283) + (-1)/1. What is the highest common factor of t and i?
12
Suppose 0 = 2*j - 5*j + r + 43, 0 = 4*j + 3*r - 66. What is the greatest common factor of j and 595?
5
Let d(n) = n**3 + 12*n**2 + 17. Let x be d(-12). Let z be 2*(0 - x/(-2)). Let y = 27 - z. What is the greatest common divisor of 25 and y?
5
Suppose -3*u + 33 - 16 = 5*m, 2*m = u + 9. What is the greatest common factor of m and 92?
4
Let c(b) = b**3 - 10*b**2 - 8*b - 12. Suppose 12*t = 6*t + 66. Let y be c(t). What is the greatest common factor of y and 21?
21
Let f = 3 - 0. Let u = 27 + -16. Suppose u = -2*h + 77. What is the highest common divisor of h and f?
3
Suppose 2*p - 8*p = -408. Suppose 4*f = -t + 38, -4*f = t + t - p. What is the greatest common factor of t and 270?
30
Let j(t) = 11*t - 31. Let c be j(5). Calculate the highest common factor of 24 and c.
24
Let h(w) = -w**3 + 10*w**2 + 20*w - 192. Let i be h(8). Calculate the highest common factor of 20 and i.
4
Let j(x) = 6*x**2 - 25*x + 7. Let s be 5/3*(-3)/1*-1. Let p be j(s). Calculate the greatest common factor of 2 and p.
2
Suppose 14*a + 10 = 15*a. Let h = a + 6. Let o be 1/4 + (-15)/(-4). Calculate the greatest common factor of o and h.
4
Let i(c) = -38*c + 11. Let z be i(-8). Suppose -w = -6*w + z. Let b be 271/13 - (408/52 - 8). Calculate the greatest common factor of w and b.
21
Let d be -3 - 2 - -2 - -11. Let q = d - -40. What is the highest common divisor of 6 and q?
6
Let x be 37*(-7 + 8) - 3. Calculate the highest common factor of x and 323.
17
Let z(c) = c**2 - 2*c - 3. Let q be z(0). Let b be 15*1 + 9/q. Let f be b/36 + (-5)/(-3). What is the greatest common divisor of f and 5?
1
Let l(t) be the third derivative of t**5/15 + 5*t**4/24 + 11*t**3/6 + 51*t**2. Let p be l(-4). What is the greatest common factor of p and 22?
11
Let z be (144/(-10))/(3/(-10)). Let h be (-3)/(((-6)/(-26))/(-1)). Suppose -4*i + 11 = -h. Calculate the highest common divisor of i and z.
6
Let d be 1 - (-1 + 0 - -1). Let o be d/3 - (-28)/6. Let q(a) = 1106*a - 3273. Let p be q(3). What is the highest common factor of p and o?
5
Suppose -w + 34 = -4*v, -w + 6*v = 3*v - 38. Let a = 8807 + -8777. What is the greatest common factor of w and a?
10
Let s(a) be the second derivative of 19*a**3/6 + 8*a**2 - a. Let z be s(-10). Let p be z/(-12) + 2/(-4). Calculate the greatest common divisor of p and 84.
14
Let z = -780 - -783. What is the highest common divisor of z and 7?
1
Let f be 2/(-7) + 0 + 120/28. Calculate the greatest common divisor of 12 and f.
4
Let m be (-3)/((-12)/(-8)) - 125/(-5). What is the greatest common divisor of 207 and m?
23
Let c = 137 + -69. Suppose -t - 53 = -3*g, 2*g - 8*t = -5*t + 40. What is the highest common factor of c and g?
17
Le